 is the thousands digit of 8309604?
9
What is the tens digit of 13501457?
5
What is the thousands digit of 7660524?
0
What is the units digit of 7448072?
2
What is the ten thousands digit of 445934?
4
What is the ten millions digit of 16037183?
1
What is the units digit of 870934?
4
What is the tens digit of 1623085?
8
What is the units digit of 1664775?
5
What is the hundreds digit of 1271590?
5
What is the thousands digit of 516006?
6
What is the hundreds digit of 8974443?
4
What is the units digit of 66298?
8
What is the millions digit of 5525114?
5
What is the hundreds digit of 4065994?
9
What is the hundreds digit of 416296?
2
What is the millions digit of 1114848?
1
What is the tens digit of 56829?
2
What is the units digit of 575432?
2
What is the millions digit of 2260748?
2
What is the hundreds digit of 158172?
1
What is the millions digit of 5369518?
5
What is the ten thousands digit of 170841?
7
What is the hundreds digit of 784522?
5
What is the hundred thousands digit of 1116323?
1
What is the hundred thousands digit of 876999?
8
What is the thousands digit of 574382?
4
What is the tens digit of 186335?
3
What is the thousands digit of 414494?
4
What is the hundred thousands digit of 221995?
2
What is the millions digit of 1514533?
1
What is the units digit of 800654?
4
What is the ten thousands digit of 585503?
8
What is the hundred thousands digit of 5907378?
9
What is the thousands digit of 77983?
7
What is the ten thousands digit of 29887078?
8
What is the thousands digit of 65323?
5
What is the hundreds digit of 684387?
3
What is the hundreds digit of 3890074?
0
What is the ten thousands digit of 3257133?
5
What is the hundred thousands digit of 225122?
2
What is the tens digit of 1271708?
0
What is the millions digit of 1414279?
1
What is the millions digit of 2252359?
2
What is the ten thousands digit of 90844?
9
What is the tens digit of 2222942?
4
What is the thousands digit of 628131?
8
What is the hundred thousands digit of 192839?
1
What is the millions digit of 4022946?
4
What is the units digit of 338449?
9
What is the hundreds digit of 112740?
7
What is the hundreds digit of 2151115?
1
What is the hundreds digit of 248997?
9
What is the ten thousands digit of 16004513?
0
What is the hundreds digit of 1072473?
4
What is the ten thousands digit of 9904969?
0
What is the ten thousands digit of 3618172?
1
What is the ten thousands digit of 273609?
7
What is the ten thousands digit of 1260349?
6
What is the tens digit of 1103265?
6
What is the hundreds digit of 604778?
7
What is the ten thousands digit of 237522?
3
What is the units digit of 1636655?
5
What is the tens digit of 522608?
0
What is the thousands digit of 40399?
0
What is the hundreds digit of 420850?
8
What is the hundred thousands digit of 105897?
1
What is the hundred thousands digit of 274898?
2
What is the ten millions digit of 28775994?
2
What is the thousands digit of 1244804?
4
What is the ten thousands digit of 221423?
2
What is the hundreds digit of 27672898?
8
What is the millions digit of 1224220?
1
What is the ten thousands digit of 1443092?
4
What is the units digit of 351870?
0
What is the hundred thousands digit of 476345?
4
What is the hundred thousands digit of 228811?
2
What is the hundreds digit of 3527927?
9
What is the millions digit of 12963872?
2
What is the units digit of 22857733?
3
What is the ten millions digit of 20782398?
2
What is the tens digit of 1045511?
1
What is the thousands digit of 624238?
4
What is the ten thousands digit of 19819099?
1
What is the thousands digit of 4432732?
2
What is the ten thousands digit of 27407?
2
What is the hundred thousands digit of 4320452?
3
What is the tens digit of 173809?
0
What is the hundred thousands digit of 7370929?
3
What is the hundred thousands digit of 715162?
7
What is the ten thousands digit of 104824?
0
What is the hundreds digit of 874001?
0
What is the millions digit of 8593734?
8
What is the tens digit of 480162?
6
What is the tens digit of 55564?
6
What is the ten thousands digit of 368746?
6
What is the millions digit of 1710311?
1
What is the units digit of 239733?
3
What is the hundred thousands digit of 4842176?
8
What is the thousands digit of 9278?
9
What is the thousands digit of 3226801?
6
What is the hundreds digit of 8262548?
5
What is the units digit of 23365177?
7
What is the hundreds digit of 7589666?
6
What is the hundred thousands digit of 321006?
3
What is the hundreds digit of 261937?
9
What is the ten thousands digit of 427017?
2
What is the hundred thousands digit of 354451?
3
What is the hundreds digit of 8263?
2
What is the tens digit of 10136606?
0
What is the tens digit of 191005?
0
What is the thousands digit of 7230652?
0
What is the hundred thousands digit of 15642337?
6
What is the hundred thousands digit of 288192?
2
What is the ten thousands digit of 1619916?
1
What is the ten thousands digit of 906951?
0
What is the tens digit of 26465141?
4
What is the units digit of 3960933?
3
What is the tens digit of 4644194?
9
What is the hundreds digit of 7224798?
7
What is the tens digit of 5859020?
2
What is the millions digit of 5749030?
5
What is the tens digit of 472852?
5
What is the thousands digit of 30576116?
6
What is the ten thousands digit of 939653?
3
What is the tens digit of 299263?
6
What is the thousands digit of 19541?
9
What is the units digit of 527045?
5
What is the hundreds digit of 443908?
9
What is the hundreds digit of 1449066?
0
What is the hundred thousands digit of 333396?
3
What is the hundred thousands digit of 5921436?
9
What is the tens digit of 266967?
6
What is the hundreds digit of 480152?
1
What is the millions digit of 9738611?
9
What is the ten thousands digit of 43815?
4
What is the units digit of 22736473?
3
What is the hundreds digit of 370079?
0
What is the tens digit of 26994874?
7
What is the thousands digit of 4688041?
8
What is the tens digit of 3946009?
0
What is the tens digit of 910806?
0
What is the units digit of 417679?
9
What is the thousands digit of 7025703?
5
What is the hundred thousands digit of 262662?
2
What is the hundreds digit of 1860930?
9
What is the hundreds digit of 2591395?
3
What is the hundred thousands digit of 6674398?
6
What is the ten thousands digit of 132989?
3
What is the thousands digit of 8150?
8
What is the hundred thousands digit of 1020468?
0
What is the thousands digit of 281576?
1
What is the hundred thousands digit of 1847536?
8
What is the hundred thousands digit of 3451184?
4
What is the hundred thousands digit of 1388477?
3
What is the thousands digit of 949684?
9
What is the hundreds digit of 457418?
4
What is the thousands digit of 1357241?
7
What is the thousands digit of 11819020?
9
What is the hundred thousands digit of 1958914?
9
What is the thousands digit of 16589262?
9
What is the ten thousands digit of 205266?
0
What is the thousands digit of 2832876?
2
What is the units digit of 9604195?
5
What is the tens digit of 11718086?
8
What is the units digit of 488252?
2
What is the ten thousands digit of 17302976?
0
What is the units digit of 2134844?
4
What is the tens digit of 1714950?
5
What is the hundreds digit of 537386?
3
What is the tens digit of 4080853?
5
What is the tens digit of 2580861?
6
What is the tens digit of 403735?
3
What is the thousands digit of 180060?
0
What is the hundreds digit of 13295672?
6
What is the tens digit of 432018?
1
What is the thousands digit of 465320?
5
What is the thousands digit of 4919587?
9
What is the units digit of 65709?
9
What is the tens digit of 1048524?
2
What is the hundreds digit of 103235?
2
What is the hundreds digit of 4748921?
9
What is the thousands digit of 6132144?
2
What is the units digit of 1846424?
4
What is the millions digit of 1934124?
1
What is the units digit of 989833?
3
What is the ten thousands digit of 2219210?
1
What is the ten millions digit of 21812185?
2
What is the ten thousands digit of 1570008?
7
What is the ten thousands digit of 215957?
1
What is the hundred thousands digit of 633323?
6
What is the tens digit of 1078892?
9
What is the millions digit of 1049686?
1
What is the hundred thousands digit of 585355?
5
What is the thousands digit of 3311371?
1
What is the tens digit o